{"id":54,"date":"2023-01-13T17:36:58","date_gmt":"2023-01-13T16:36:58","guid":{"rendered":"http:\/\/4en.zamoy.pl\/?page_id=54"},"modified":"2024-02-19T12:30:04","modified_gmt":"2024-02-19T11:30:04","slug":"4en","status":"publish","type":"page","link":"https:\/\/4-en.com\/","title":{"rendered":"Strona g\u0142\u00f3wna"},"content":{"rendered":"<figure id=\"attachment_416\" aria-describedby=\"caption-attachment-416\" style=\"width: 1920px\" class=\"wp-caption aligncenter\"><img loading=\"lazy\" decoding=\"async\" class=\".hg_center wp-image-416 size-full\" src=\"https:\/\/4-en.com\/wp-content\/uploads\/2024\/01\/b232149.jpeg\" alt=\"\" width=\"1920\" height=\"1079\" srcset=\"https:\/\/4-en.com\/wp-content\/uploads\/2024\/01\/b232149.jpeg 1920w, https:\/\/4-en.com\/wp-content\/uploads\/2024\/01\/b232149-300x169.jpeg 300w, https:\/\/4-en.com\/wp-content\/uploads\/2024\/01\/b232149-1024x575.jpeg 1024w, https:\/\/4-en.com\/wp-content\/uploads\/2024\/01\/b232149-768x432.jpeg 768w, https:\/\/4-en.com\/wp-content\/uploads\/2024\/01\/b232149-1536x863.jpeg 1536w\" sizes=\"auto, (max-width: 1920px) 100vw, 1920px\" \/><figcaption id=\"caption-attachment-416\" class=\"wp-caption-text\">Darmowe bilety mog\u0105 Pa\u0144stwo pobra\u0107 rejestruj\u0105c si\u0119 pod wskazanym linkiem: <a href=\"https:\/\/www.targikielce.pl\/enex\/rejestracja-zwiedzajacych-2024\">Rejestracja<\/a><br \/>You can download free tickets by registering using link below: <a href=\"https:\/\/www.targikielce.pl\/en\/enex\/visitors-registration\">Registration<\/a><\/figcaption><\/figure>\n","protected":false},"excerpt":{"rendered":"","protected":false},"author":1,"featured_media":0,"parent":0,"menu_order":0,"comment_status":"closed","ping_status":"closed","template":"page-home.php","meta":{"footnotes":""},"class_list":["post-54","page","type-page","status-publish","hentry"],"yoast_head":"<!-- This site is optimized with the Yoast SEO plugin v19.14 - https:\/\/yoast.com\/wordpress\/plugins\/seo\/ -->\n<title>Strona g\u0142\u00f3wna - 4-en S.A.<\/title>\n<meta name=\"description\" content=\"For Energy. Nowoczesne polskie systemy magazynowania i zarz\u0105dzania energi\u0105 z OZE oraz technologie nap\u0119du i \u0142adowania pojazd\u00f3w elektrycznych.\" \/>\n<meta name=\"robots\" content=\"index, follow, max-snippet:-1, max-image-preview:large, max-video-preview:-1\" \/>\n<link rel=\"canonical\" href=\"https:\/\/4-en.com\/\" \/>\n<meta property=\"og:locale\" content=\"pl_PL\" \/>\n<meta property=\"og:type\" content=\"article\" \/>\n<meta property=\"og:title\" content=\"Strona g\u0142\u00f3wna - 4-en S.A.\" \/>\n<meta property=\"og:description\" content=\"For Energy. Nowoczesne polskie systemy magazynowania i zarz\u0105dzania energi\u0105 z OZE oraz technologie nap\u0119du i \u0142adowania pojazd\u00f3w elektrycznych.\" \/>\n<meta property=\"og:url\" content=\"https:\/\/4-en.com\/\" \/>\n<meta property=\"og:site_name\" content=\"4-en S.A.\" \/>\n<meta property=\"article:modified_time\" content=\"2024-02-19T11:30:04+00:00\" \/>\n<meta property=\"og:image\" content=\"https:\/\/4-en.com\/wp-content\/uploads\/2024\/01\/b232149.jpeg\" \/>\n<meta name=\"twitter:card\" content=\"summary_large_image\" \/>\n<meta name=\"twitter:description\" content=\"For Energy. Nowoczesne polskie systemy magazynowania i zarz\u0105dzania energi\u0105 z OZE oraz technologie nap\u0119du i \u0142adowania pojazd\u00f3w elektrycznych.\" \/>\n<script type=\"application\/ld+json\" class=\"yoast-schema-graph\">{\"@context\":\"https:\/\/schema.org\",\"@graph\":[{\"@type\":\"WebPage\",\"@id\":\"https:\/\/4-en.com\/\",\"url\":\"https:\/\/4-en.com\/\",\"name\":\"Strona g\u0142\u00f3wna - 4-en S.A.\",\"isPartOf\":{\"@id\":\"https:\/\/4-en.com\/#website\"},\"datePublished\":\"2023-01-13T16:36:58+00:00\",\"dateModified\":\"2024-02-19T11:30:04+00:00\",\"description\":\"For Energy. Nowoczesne polskie systemy magazynowania i zarz\u0105dzania energi\u0105 z OZE oraz technologie nap\u0119du i \u0142adowania pojazd\u00f3w elektrycznych.\",\"breadcrumb\":{\"@id\":\"https:\/\/4-en.com\/#breadcrumb\"},\"inLanguage\":\"pl-PL\",\"potentialAction\":[{\"@type\":\"ReadAction\",\"target\":[\"https:\/\/4-en.com\/\"]}]},{\"@type\":\"BreadcrumbList\",\"@id\":\"https:\/\/4-en.com\/#breadcrumb\",\"itemListElement\":[{\"@type\":\"ListItem\",\"position\":1,\"name\":\"Strona g\u0142\u00f3wna\",\"item\":\"https:\/\/4-en.com\/\"},{\"@type\":\"ListItem\",\"position\":2,\"name\":\"Strona g\u0142\u00f3wna\"}]},{\"@type\":\"WebSite\",\"@id\":\"https:\/\/4-en.com\/#website\",\"url\":\"https:\/\/4-en.com\/\",\"name\":\"4-en S.A.\",\"description\":\"\",\"publisher\":{\"@id\":\"https:\/\/4-en.com\/#organization\"},\"potentialAction\":[{\"@type\":\"SearchAction\",\"target\":{\"@type\":\"EntryPoint\",\"urlTemplate\":\"https:\/\/4-en.com\/?s={search_term_string}\"},\"query-input\":\"required name=search_term_string\"}],\"inLanguage\":\"pl-PL\"},{\"@type\":\"Organization\",\"@id\":\"https:\/\/4-en.com\/#organization\",\"name\":\"4-en S.A.\",\"url\":\"https:\/\/4-en.com\/\",\"logo\":{\"@type\":\"ImageObject\",\"inLanguage\":\"pl-PL\",\"@id\":\"https:\/\/4-en.com\/#\/schema\/logo\/image\/\",\"url\":\"http:\/\/www.4-en.com\/wp-content\/uploads\/2023\/01\/logo.png\",\"contentUrl\":\"http:\/\/www.4-en.com\/wp-content\/uploads\/2023\/01\/logo.png\",\"width\":89,\"height\":63,\"caption\":\"4-en S.A.\"},\"image\":{\"@id\":\"https:\/\/4-en.com\/#\/schema\/logo\/image\/\"}}]}<\/script>\n<!-- \/ Yoast SEO plugin. -->","yoast_head_json":{"title":"Strona g\u0142\u00f3wna - 4-en S.A.","description":"For Energy. Nowoczesne polskie systemy magazynowania i zarz\u0105dzania energi\u0105 z OZE oraz technologie nap\u0119du i \u0142adowania pojazd\u00f3w elektrycznych.","robots":{"index":"index","follow":"follow","max-snippet":"max-snippet:-1","max-image-preview":"max-image-preview:large","max-video-preview":"max-video-preview:-1"},"canonical":"https:\/\/4-en.com\/","og_locale":"pl_PL","og_type":"article","og_title":"Strona g\u0142\u00f3wna - 4-en S.A.","og_description":"For Energy. Nowoczesne polskie systemy magazynowania i zarz\u0105dzania energi\u0105 z OZE oraz technologie nap\u0119du i \u0142adowania pojazd\u00f3w elektrycznych.","og_url":"https:\/\/4-en.com\/","og_site_name":"4-en S.A.","article_modified_time":"2024-02-19T11:30:04+00:00","og_image":[{"url":"https:\/\/4-en.com\/wp-content\/uploads\/2024\/01\/b232149.jpeg"}],"twitter_card":"summary_large_image","twitter_description":"For Energy. Nowoczesne polskie systemy magazynowania i zarz\u0105dzania energi\u0105 z OZE oraz technologie nap\u0119du i \u0142adowania pojazd\u00f3w elektrycznych.","schema":{"@context":"https:\/\/schema.org","@graph":[{"@type":"WebPage","@id":"https:\/\/4-en.com\/","url":"https:\/\/4-en.com\/","name":"Strona g\u0142\u00f3wna - 4-en S.A.","isPartOf":{"@id":"https:\/\/4-en.com\/#website"},"datePublished":"2023-01-13T16:36:58+00:00","dateModified":"2024-02-19T11:30:04+00:00","description":"For Energy. Nowoczesne polskie systemy magazynowania i zarz\u0105dzania energi\u0105 z OZE oraz technologie nap\u0119du i \u0142adowania pojazd\u00f3w elektrycznych.","breadcrumb":{"@id":"https:\/\/4-en.com\/#breadcrumb"},"inLanguage":"pl-PL","potentialAction":[{"@type":"ReadAction","target":["https:\/\/4-en.com\/"]}]},{"@type":"BreadcrumbList","@id":"https:\/\/4-en.com\/#breadcrumb","itemListElement":[{"@type":"ListItem","position":1,"name":"Strona g\u0142\u00f3wna","item":"https:\/\/4-en.com\/"},{"@type":"ListItem","position":2,"name":"Strona g\u0142\u00f3wna"}]},{"@type":"WebSite","@id":"https:\/\/4-en.com\/#website","url":"https:\/\/4-en.com\/","name":"4-en S.A.","description":"","publisher":{"@id":"https:\/\/4-en.com\/#organization"},"potentialAction":[{"@type":"SearchAction","target":{"@type":"EntryPoint","urlTemplate":"https:\/\/4-en.com\/?s={search_term_string}"},"query-input":"required name=search_term_string"}],"inLanguage":"pl-PL"},{"@type":"Organization","@id":"https:\/\/4-en.com\/#organization","name":"4-en S.A.","url":"https:\/\/4-en.com\/","logo":{"@type":"ImageObject","inLanguage":"pl-PL","@id":"https:\/\/4-en.com\/#\/schema\/logo\/image\/","url":"http:\/\/www.4-en.com\/wp-content\/uploads\/2023\/01\/logo.png","contentUrl":"http:\/\/www.4-en.com\/wp-content\/uploads\/2023\/01\/logo.png","width":89,"height":63,"caption":"4-en S.A."},"image":{"@id":"https:\/\/4-en.com\/#\/schema\/logo\/image\/"}}]}},"_links":{"self":[{"href":"https:\/\/4-en.com\/index.php\/wp-json\/wp\/v2\/pages\/54","targetHints":{"allow":["GET"]}}],"collection":[{"href":"https:\/\/4-en.com\/index.php\/wp-json\/wp\/v2\/pages"}],"about":[{"href":"https:\/\/4-en.com\/index.php\/wp-json\/wp\/v2\/types\/page"}],"author":[{"embeddable":true,"href":"https:\/\/4-en.com\/index.php\/wp-json\/wp\/v2\/users\/1"}],"replies":[{"embeddable":true,"href":"https:\/\/4-en.com\/index.php\/wp-json\/wp\/v2\/comments?post=54"}],"version-history":[{"count":166,"href":"https:\/\/4-en.com\/index.php\/wp-json\/wp\/v2\/pages\/54\/revisions"}],"predecessor-version":[{"id":470,"href":"https:\/\/4-en.com\/index.php\/wp-json\/wp\/v2\/pages\/54\/revisions\/470"}],"wp:attachment":[{"href":"https:\/\/4-en.com\/index.php\/wp-json\/wp\/v2\/media?parent=54"}],"curies":[{"name":"wp","href":"https:\/\/api.w.org\/{rel}","templated":true}]}}